j - 3. Let c(o) = -3*h(o) - 2*t(o). Suppose -3*y - 9 = -0*y. Give c(y).
-8
Let d(r) = 1 - 2*r + r - 4 + 11. What is d(6)?
2
Suppose -5 = 2*f + 5*l + 24, 0 = 2*l + 6. Let o(h) = -h**2 - 6*h - 5. Calculate o(f).
-12
Let w(m) = -6. Let i(j) = j - 5. Suppose 2*x - 2 = -6. Let c(k) = x*i(k) + 3*w(k). Suppose -4*n - 32 = -2*b + 3*b, 3*n - 5*b + 1 = 0. What is c(n)?
6
Let b = 0 + 2. Let n = b + 1. Let g(p) = -4 - 6 + n + p**2 - 2*p**2. What is g(0)?
-7
Let u(p) = -p**2 + 4*p + 6. Let t be u(6). Let z = t - -10. Let b(l) = -5*l**2 - 12*l + 12. Let g(m) = -2*m**2 - 6*m + 6. Let v(q) = 3*b(q) - 7*g(q). Give v(z).
2
Let s(z) = 18*z - 5 + 13 - 19*z. Let w(y) = -y + 1. Let d(k) = -s(k) + 2*w(k). What is d(-5)?
-1
Suppose -2*h - h = -2*a - 18, 2*a = 6. Let g be (-25)/(-10)*h/5. Let m(n) = -n**2 + 6*n - 5. Let j be m(g). Let k(s) = s**2 - s + 1. Give k(j).
7
Let v(f) be the second derivative of -f**3/3 - 3*f. Let x = 16 - 11. Determine v(x).
-10
Let u(i) = -i**2 - i + 4. Let c be u(0). Let y(a) be the first derivative of 1/4*a**4 - 6*a + 2*a**2 + 1 - 5/3*a**3. Calculate y(c).
-6
Let d = 8 - 10. Let u(k) = 3*k. Determine u(d).
-6
Let u(j) be the second derivative of j**5/20 + 5*j**4/12 + 2*j**3/3 - 5*j**2/2 - j. Give u(-4).
-5
Let v(c) be the second derivative of -c**3/6 + c**2 - 6*c. Give v(-6).
8
Let d be (-20)/(-6) - (-10)/15. Suppose -1 = v - g, -d*v - 2*g + 2 = -6. Let y(s) = s**2 - 2*s + 1. Calculate y(v).
0
Let t(b) = -b**2 + 3*b - 2. Suppose 2*v + 3*y - 12 = -0*v, 22 = 4*v + 5*y. Give t(v).
-2
Let t = 11 - 7. Suppose -o - p = -t*p - 7, -p - 9 = o. Let r(c) be the second derivative of -c**4/12 - c**3 - 2*c**2 - c. Determine r(o).
1
Let z(b) = -17*b + 9. Let l(k) = 5*k - 3. Let g(w) = 14*l(w) + 4*z(w). Determine g(3).
0
Let p be 3/(-6)*2*3. Let h(q) be the first derivative of q**3/3 + q**2 + 3*q - 19. Determine h(p).
6
Let c(x) = -x**2 - 8*x + 8. Let y(i) = -4*i**2 - 25*i + 25. Let g(o) = -7*c(o) + 2*y(o). Give g(4).
2
Let m(w) = -5*w**2 + 11*w - 14. Let n(o) = o**2 - o + 1. Let p(v) = m(v) + 4*n(v). What is p(8)?
-18
Let y(j) = -j**3 - 5*j**2 - 4*j - 1. Let l be (-15)/(-6)*(-12)/(-15). Suppose 6 = -l*z - 0. Calculate y(z).
-7
Let p(o) = -o**2 - 7*o + 26. Let q be p(-9). Let y = -3 - -5. Let f(t) = t**2 - 3*t**y - q*t + t**2 - 6. Determine f(-6).
6
Suppose -4*o = -3*z + 8 + 4, -3*o = -5*z + 9. Suppose z = 4*l - 0 - 4. Let n(i) = 5*i**3 + i - 2*i**2 - 1 + 1. What is n(l)?
4
Let z(j) = 15*j - 5. Let q(w) = -7*w + 2. Let b(s) = 7*q(s) + 3*z(s). Let m(y) = 2*y + 1. Let p = -3 + 2. Let n be m(p). Calculate b(n).
3
Suppose -3*h + 11 = -w, -2*w = 5*h - 6*w - 16. Let c(l) = -1 + 2 + h*l - 2. Suppose -g + 6*g = 5. Give c(g).
3
Let q = -9 + 13. Suppose q*i - 4*r = -0*r + 36, 3*i - 32 = 4*r. Let d(s) = -s**2 + 8*s - 3. What is d(i)?
13
Let k(f) = 11*f - 6. Let h(x) = -5*x + 3. Let a(r) = 9*h(r) + 4*k(r). Calculate a(8).
-5
Let x = -3 - -4. Let p(a) = -54 + 5*a + 0*a + 53. What is p(x)?
4
Let g(d) be the second derivative of -d**5/20 - d**4/12 + d**3/6 + 15*d**2/2 + 2*d. Give g(0).
15
Suppose -i + 4*a = i + 16, -2*i + 14 = 2*a. Let m(x) = -13 + 2*x + 15 - 3*x**2 + x**2. Calculate m(i).
-2
Let r be (0 - 0) + 2 - 2. Let c = r + 5. Suppose 0 = -c*f + f - 8, -j + 4*f = -7. Let d(y) = y**3 + y. Give d(j).
-2
Let j(v) = v**3 - 6*v**2 + 2. Let m be j(6). Suppose 0*n - 2*n = 0. Let t(r) = m*r + n*r + 3*r. What is t(-1)?
-5
Let f(x) = x**2 - 4*x + 3. Let j be f(3). Let t(n) = -2*n**2 + n + j*n - n**2 + 2*n**2 + 7. Calculate t(0).
7
Let m(u) = u**2 - 2*u - 1. Let x(s) = s**2 - 2*s**2 + 2*s - 5 - 8*s. Let f be x(-4). Give m(f).
2
Let r(y) be the third derivative of y**5/60 + y**4/24 - y**3/3 - 7*y**2. Calculate r(-2).
0
Suppose 4*h = -0 + 8. Let i(q) be the first derivative of 1/3*q**3 - 2*q**h - 7*q + 2. Give i(5).
-2
Suppose 2*s + 23 = 5*o, 5*o - 5*s - 7 = 13. Let d(i) be the first derivative of 2*i**2 - 6*i + 1. Calculate d(o).
14
Let t(s) be the third derivative of -s**5/60 + s**4/12 + s**3/3 + s**2. Let v be 5/2 - (-1)/(-2). What is t(v)?
2
Let i(x) be the first derivative of -x**4/4 + 4*x**3/3 + 3*x**2 - 7*x - 1. Let q be (-26)/(-13) + 3 + 0. What is i(q)?
-2
Let l = 6 + -16. Let c = l - -13. Let y(a) = -2*a. Determine y(c).
-6
Let h be 7 + 5/(-9 - -4). Let w(k) = -k**3 + 7*k**2 - 2*k - 8. Give w(h).
16
Let w(x) = x. Let t(v) = 3*v**2 + 2*v + 1. Let j be t(-1). Give w(j).
2
Let j = 15 - 6. Let k(p) = -p**3 + 10*p**2 - 6*p - 9. What is k(j)?
18
Let y(l) = -4*l**2 - 4*l - 1. Let a(o) = -5*o**2 - 4*o. Let k(h) = 2*a(h) - 3*y(h). Let j = 1 + 0. Suppose j - 10 = 3*f. What is k(f)?
9
Let v(g) = -g + 8. Let n(r) = -r + 1. Let p(l) = 6*n(l) - v(l). Let c be (-2)/(-2) - (1 + -3). Let d = c + -5. Give p(d).
8
Suppose -20 = -2*q + 4*a, -3*a - 15 = 2*a. Let b(o) = 5*o**3 + 11*o**2 + o + 6. Let v(y) = 9*y**3 + 21*y**2 + y + 11. Let l(h) = 11*b(h) - 6*v(h). What is l(q)?
4
Let s(i) = -1 + 1 - i**2 + 1 + 1. Determine s(2).
-2
Let w(c) = 5*c + 12. Let g(b) = 4*b + 11. Let s(p) = 6*g(p) - 5*w(p). Give s(0).
6
Let v(r) = -r**3 + 4*r**2 + 2*r - 6. Let c = -142 + 220. Let t be c/18 + (-2)/6. What is v(t)?
2
Let j(w) = -w**3 + 7*w**2 - 5*w + 9. Let v(m) = m**3 - 6*m**2 - 6*m - 1. Let f be v(7). Calculate j(f).
15
Let j(r) be the third derivative of 1/5*r**5 - 7*r**2 + 0*r + 0 + 0*r**4 + 1/6*r**3. Calculate j(-1).
13
Let d(h) = h**3 + h**2 + h + 8. Suppose -3*s = s - 12. Suppose -z + c + 4 + 1 = 0, -s*c = 3*z - 9. Suppose 0 = -z*u + 3*u. Give d(u).
8
Let h(q) = -q**3 - 6*q**2 + q + 3. Let d = -7 - -1. Let r be h(d). Let o be 1/(-3)*(-3 - r). Let y(s) = -s - 8. Calculate y(o).
-8
Let p(s) be the first derivative of s**2 + s**2 - s**2 + 2*s + 2 + s. What is p(-3)?
-3
Let l(j) = 5*j + 3. Suppose 17*g - 4 = 19*g. Calculate l(g).
-7
Let c(o) = -o**2 + 2*o - 2. Let l(d) = d**2 - 1. Let i(n) = c(n) - l(n). Suppose -2*b = -b - 3*h + 3, -5*b + 17 = h. Calculate i(b).
-13
Let d(q) be the third derivative of q**4/24 + 11*q**3/6 + 2*q**2 + 20. Calculate d(-7).
4
Let f be 2/7 + 19/7. Let i(a) = 0*a - 2*a + f*a - 2*a + 1. Let z(q) = 2*q - 7. Let d be z(6). Calculate i(d).
-4
Let b(s) be the third derivative of -s**4/24 - 2*s**3/3 + 11*s**2. Calculate b(0).
-4
Let p be 3/(-2) + 12/8. Suppose 4*o - 16 = -p. Let u(v) = -v + 4 + 0 + 2*v. Determine u(o).
8
Let l(m) be the third derivative of -m**5/60 - 5*m**4/24 - 2*m**3/3 + 5*m**2. What is l(-6)?
-10
Let m(j) be the third derivative of j**4/8 - 2*j**3/3 + 2*j**2 + 44*j. Let p be 1/((-2)/(-10) - 0). Calculate m(p).
11
Let l(p) = 7*p + 1. Let i(z) be the third derivative of z**4/8 - 4*z**2. Let m(j) = -5*i(j) + 2*l(j). Give m(4).
-2
Let b(n) = -14*n - n**2 + 1 + 3*n + 10*n - n**2. What is b(1)?
-2
Let a = -15 - -15. Suppose -4*x = -a*d + 5*d - 33, 5 = d. Let j(g) = g**2 + g - 2. What is j(x)?
4
Let k(a) = -4 + 3*a - 1 + 3 + 4. Calculate k(2).
8
Let z(i) = -i**3 + 5*i**2 - 2*i + 5. Suppose 5*b - 3*p = 1, 3*b - 2*p + 1 = -2*b. Let f be 10/(-2)*(0 + -1). Let r be 3/((-3)/f)*b. Determine z(r).
-5
Let n(m) = -m**3 - 5*m**2 - m - 3. Let g(x) = -2*x**3 - 11*x**2 - 2*x - 6. Let s(j) = 2*g(j) - 5*n(j). Calculate s(-3).
0
Let j(c) = 0*c + c + 1 + 0*c + 0*c. What is j(-6)?
-5
Let i(f) = 2*f - 3. Let w be (-1)/3 - 10/6. Let n = w - -7. Suppose 0 = -g + 4*m + 2, -2*m - 10 = -n*g + 3*m. Calculate i(g).
1
Suppose 0 = -4*t + 8 + 12. Let g(q) = 2*q - 6. Give g(t).
4
Let k be (-4)/16*-4*5. Let o(x) = -9*x**2 + 3*x. Let t(d) = 10*d**2 - 4*d. Let h(m) = k*o(m) + 4*t(m). Let b = -2 - -1. Calculate h(b).
-4
Let a(r) = 33 + 38 - 67 - r. Determine a(2).
2
Let d(t) = -5*t - 4. Let m(h) = h. Let q be ((-3)/(-2))/((-6)/(-4)). Let g(y) = q*d(y) + 6*m(y). Suppose 0 = -2*u - 0*u. Determine g(u).
-4
Let h(u) be the first derivative of u**2/2 + 4*u - 13. Calculate h(5).
9
Let f(l) be the second derivative of l**3/6 + l**2/2 - 9*l. Let a be (-34)/(-6) + (-2)/3. Calculate f(a).
6
Let s(m) = -m**2 - m - 1. Let n(g) = -4*g**2 + 4*g - 8. Let l(h) = n(h) - 2*s(h). Let u(d) = d**2 + d + 2. Let y be u(-2). Calculate l(y).
-14
Suppose -6 = 3*c - c + 2*j, 0 = c + 2*j + 4. Let n(p) = 5*p + 1. Calculate n(c).
-9
Let t(x) = 3*x + 2. Let i = -3 - -1. Let m be t(i). Let a be (m/10)/((-2)/(-20)). Let z(y) = -y**2 - 2*y + 1. Determine z(a).
-7
Let b(f) = -f**2 - f - 8. Suppose q - 2*c - 4 = 0, 4*q + q = 